hat is the hundreds digit of a?
3
Suppose -10*n + 14*n = 8. Suppose -w + 11 = -5*v, 4*w - n*w = v + 58. What is the units digit of w?
1
Suppose 2*q - 3*q = 3*z - 33, -z + 11 = q. Suppose z*k = 21*k - 190. What is the tens digit of k?
1
Suppose -26*z = -29*z + 9. Suppose 0 = -d + w + 28, -6*w + z*w - 51 = -2*d. Suppose -2*l = d - 237. What is the units digit of l?
2
Let z(q) = 375*q**3 + 2*q - 3. Let j be (0 - -2)/((0 - -2) + 0). What is the units digit of z(j)?
4
Suppose 5*l + 85 = 15. Let h(g) = -g**3 - 7*g**2 - 20*g - 8. Let w be h(l). What is the tens digit of w/15 - (-4)/10?
1
Let z = 1441 - -1447. What is the hundreds digit of z?
8
Let z(s) be the second derivative of -31*s**3/6 - 35*s**2 - 17*s + 1. What is the units digit of z(-16)?
6
Suppose -4*w + 1 = -99. Suppose w*z - 1 = 26*z. What is the units digit of z/4 + 2385/20 + 2?
1
Suppose 10 = -5*i - 45. Let z(g) = -g**3 + 8*g**2 - 4*g + 1. Let n be z(5). Let w = n + i. What is the units digit of w?
5
What is the units digit of -3*1*(-31 + 24653)/(-26)?
1
Suppose 5*d + 10*z - 14*z - 14700 = 0, -5*d + 2*z = -14700. What is the tens digit of ((-132)/(-10))/(14*6/d)?
6
Let t(s) = -s**3 - 6*s**2 + 2*s + 3. Let w be t(-7). Suppose -6 - w = -2*i. Let b = i - 20. What is the units digit of b?
2
Let o = -277 + 304. Let a(h) = 29*h - 105. What is the units digit of a(o)?
8
Let t(s) = s**3 - 24*s**2 - 42*s - 131. What is the hundreds digit of t(35)?
8
Let d be 0/((-3)/(12/8)). Suppose d*g = -7*g + 9555. What is the tens digit of (-2)/(-8) + g/28?
4
Suppose -7*g + 4*g = 4*a - 48, -4*g = 0. Suppose 36*f - 15000 = a*f. What is the tens digit of f?
2
Suppose -4765*d - 84170 = -4770*d. What is the hundreds digit of d?
8
Suppose -5*i + 5*j + 35 = 0, 6*i - 9 = 9*i + 3*j. Suppose w - 44 = i*x - 125, -2*x = w - 91. What is the units digit of x?
3
Let p(z) = 1164*z**3 + 3*z**2 - 2. Let q be p(1). Let s be q/(-3) + -3 - (-2)/6. Let l = -246 - s. What is the hundreds digit of l?
1
Let c(d) = 6*d**2 - 38*d + 4. Let w be c(16). What is the hundreds digit of 5/((-928)/w - (0 + -1))?
1
Suppose -1 = -5*x - 3*k - 42, 5*x = -4*k - 43. Let l(q) = -52*q - 124. What is the tens digit of l(x)?
4
Let w be 33 + ((2 - 2)*-1 - 3). Let p be (-3)/(w/(-4)) - (-1976)/(-40). What is the units digit of 1 + 14/p + 380/7?
5
Suppose -2*w + 4*w - 4 = 0, -a - w = 238. What is the tens digit of (-1680)/96*(-1)/((-7)/a)?
0
Suppose -4*h + 0*h = -4*z + 468, 0 = -3*z + 4*h + 351. Let s = 118 - z. Suppose -2*m = -3*v - 47, 5*v + 8 + s = -m. What is the units digit of m?
6
Let m = -516 - -1059. Suppose -7557 + m = -7*h. What is the thousands digit of h?
1
Let f = 302 + -308. What is the units digit of ((-3031)/14)/(3/f)?
3
Let r = 313 + -271. Suppose 3*o = -2*p + 3903, -1254 = -o + p + r. What is the tens digit of o?
9
Suppose -5*a - 4*w = w - 25, -1 = a - w. Suppose -f - 4*b + 188 = 0, -a*b + 296 = 3*f - 218. Suppose 0 = 2*k - f - 60. What is the hundreds digit of k?
1
Let g be 0/((-5)/(25/(-10))). Suppose -808 = -4*x - g*x. Let b = -114 + x. What is the units digit of b?
8
Suppose -9*m = -4*m + 2*v - 74, 5*v = -4*m + 49. Let a(z) = 2*z**2 - 9*z - 109. What is the tens digit of a(m)?
5
Suppose 3*y + 5*q = -2*y - 550, 4*q + 332 = -3*y. Let c = y + 457. What is the tens digit of c?
4
What is the tens digit of 3/(-2) + 3983065/190?
6
Let d = 53 - 52. What is the tens digit of 303/404 + 2674/8 + d?
3
Suppose -2*s + 2*z - 556 = -0*s, 0 = 5*s - z + 1382. Let h = 854 + s. What is the hundreds digit of h?
5
Suppose 32 = 5*w - 28. Let j(d) = 0 + 25*d - w - 7 + 1. What is the tens digit of j(6)?
3
Suppose -5*v = -11*v + 12. Suppose 0 = 3*n - 4*n + v. Suppose -3*h + n*d = -307, -3*h + 190 = -h - 5*d. What is the hundreds digit of h?
1
Let f(b) = -b**3 - 33*b**2 - 13. Suppose 50*w = -21*w - 2414. What is the units digit of f(w)?
3
Let t(a) = -113*a + 4. Let r(f) = 112*f - 4. Let n(k) = 4*r(k) + 3*t(k). What is the hundreds digit of n(3)?
3
What is the thousands digit of (-14)/((-11)/27335*2)?
7
Suppose -88 = -4*d - 4*c, 0*d + 2*c = -3*d + 68. Let v be (12/d)/((-2)/(-8)). Suppose -v*f + 248 = 6*f. What is the tens digit of f?
3
Let z be (-1)/((-2)/(-4)) + 2. Let v(i) = -14*i**2 + 18. Let o(u) = 37*u**2 - 56. Let w(p) = -3*o(p) - 8*v(p). What is the units digit of w(z)?
4
Let o(h) = 2*h**3 - 2*h**2 - 11*h - 113. What is the units digit of o(9)?
4
Suppose 3*j - 4*h = -15, 5*j - 3 = -h - 5. Let k be 4/(-4)*0/j. Suppose 3*y - 223 = y - 3*n, k = y - 5*n - 131. What is the units digit of y?
6
Let u = -76 - -302. Suppose -10*p = -11*p + u. What is the tens digit of (-4)/(-10) + p/10?
2
Let v(s) = -17*s**2 + 644*s - 53. What is the tens digit of v(35)?
6
Suppose 0 = 38*u - 1942099 - 46061. What is the tens digit of u?
2
Let i = -645 + 649. Suppose -12*t - a = -10*t - 1595, i*t = -a + 3195. What is the tens digit of t?
0
Let t(a) = a**2 + 13*a - 15. Let v be t(11). Suppose -2*r + v = -39. What is the tens digit of r?
4
Suppose 0 = 5*q - 4*o - 15578, -13*q = -18*q + 3*o + 15576. What is the tens digit of q?
1
Let j(z) be the first derivative of 7*z**4/2 - 2*z**3/3 + 3*z**2/2 - 8*z - 55. What is the hundreds digit of j(3)?
3
Suppose 2*x + 7 = 3*x. Suppose -x*n + 3*n = 8*n. Suppose 4*d = -5*p + 1100, 3*d - 806 = -n*p + p. What is the tens digit of d?
7
Let t be (-2 - -7)*74/5. Let o be (t/(-4))/1*24. What is the tens digit of 6/(-2) + o/(-6)?
7
Suppose -5*v - 4*h = -71843, 277*h - 14357 = -v + 282*h. What is the thousands digit of v?
4
Let r(s) be the second derivative of 235*s**4/4 - s**3/3 + 21*s. Let m be r(-1). Suppose -5*f - y = -1215, -3*f - 2*y + m = 3*y. What is the units digit of f?
4
Let r = -29 + 36. Let l(u) = 60*u**3 - 4*u - 5*u - 59*u**3 - 6 - 2*u**2. What is the hundreds digit of l(r)?
1
Let v be (-5)/(25/1740) + -6. Let l = v - -762. What is the units digit of l?
8
Suppose x - 7 = 4. Suppose 4*l = -3*p + 184, -5*p + 18 + x = l. Suppose -287 + l = -2*h. What is the units digit of h?
9
Let l(n) = -4*n**3 + 22*n**2 + 34*n + 6. Let d(k) = -k**3 - 2*k**2. Let i(r) = 3*d(r) + l(r). What is the tens digit of i(-6)?
9
Suppose -5*s + 3 + 22 = 0. Suppose -3*k - 4 = -2*x, 5*x - 21 = s*k - 3*k. Suppose -k*o + 270 = 3*o. What is the units digit of o?
4
Let p = -4889 + 7261. Suppose -2018 - p = -5*k. What is the tens digit of k?
7
Suppose -o + 315 = 2*o. Let h(g) = -11*g**3 + 5*g - 4. Let z be h(2). Let u = z + o. What is the tens digit of u?
2
Suppose -15*l + 20*l - 75160 = -5*s, 0 = 2*l + 2. What is the thousands digit of s?
5
Let d(k) = -420*k + 2487. What is the hundreds digit of d(-53)?
7
Suppose 47 = p - 5. Let g = -59 + 28. Let l = p + g. What is the tens digit of l?
2
Let y(x) = 6*x**2 + 31*x + 46. Let f(m) = -13*m**2 - 61*m - 95. Let p(u) = 2*f(u) + 5*y(u). What is the hundreds digit of p(-12)?
2
Let l(u) = 487*u - 604. What is the units digit of l(16)?
8
Suppose -75*z + 45*z - 109*z = -1789764. What is the tens digit of z?
7
Let l be (-8)/(-5) - 2 - 51/(-15). Let d be (l + -4 + -1)*(1 + -3). Suppose -3*g + 72 = d*t - 293, 4*g = -3*t + 279. What is the tens digit of t?
8
Let q be 35/42*(1 - -1)*-237. Let k = q - -840. What is the tens digit of k?
4
Suppose 0 = -2*s - 4*n + 7850, 0*n - 4*n - 7826 = -2*s. Let g = -2039 + s. What is the thousands digit of g?
1
Let c = -49 + 51. Let w be (-511 - -8)/(0 + -1). Suppose 39 = c*z - w. What is the tens digit of z?
7
Suppose 5*t + 4798 = 2*b + t, 2*b - t = 4810. What is the tens digit of b?
0
Let y be (-4)/(-4 + 15/3). Let v be y/(-4)*9/((-27)/(-12)). Suppose -v*f + 570 = 3*b + 122, 3*f = 12. What is the units digit of b?
4
Suppose 5*x + 98310 = -2256*d + 2259*d, -65535 = -2*d + 5*x. What is the ten thousands digit of d?
3
Suppose 19467 = 4*v + 3*a, 374*v = 376*v + 4*a - 9716. What is the hundreds digit of v?
8
Let g(a) = -184*a - 9. Let f(q) = -2*q. Let w(z) = 22*f(z) - 2*g(z). What is the thousands digit of w(4)?
1
Let z = 46384 + -30474. What is the hundreds digit of z?
9
Suppose -4*r - 3168 = -3*v + 1250, -3*v + 4420 = -5*r. What is the hundreds digit of v?
4
Let m(t) = t**3 - t + 4. Let w be m(0). Suppose -w*n - n = -n. Suppose -2*i + 8*i - 132 = n. What is the units digit of i?
2
What is the hundreds digit of 16 + 54572/1 + 15?
6
What is the hundreds digit of (-10)/(-210) - 4954/(-42)?
1
Let x(i) = 6*i**